
-1475
In base 6, what is -2121 - -3?
-2114
In base 13, what is 0 + 22?
22
In base 14, what is -212 + -3?
-215
In base 5, what is -111 - 1123?
-1234
In base 10, what is 0 - -221?
221
In base 10, what is 400 - 1?
399
In base 16, what is 1 - 2f3?
-2f2
In base 9, what is 6 + 140?
146
In base 9, what is 55 - 171?
-115
In base 9, what is -2186 - -4?
-2182
In base 4, what is 1 + 23?
30
In base 11, what is -2 - 4268?
-426a
In base 13, what is 2 + 189?
18b
In base 13, what is 765 - 2?
763
In base 10, what is 826 + 2?
828
In base 5, what is 112 + 1114?
1231
In base 5, what is -311 - 33?
-344
In base 15, what is 163 + -7?
15b
In base 14, what is -173 - 3a?
-1ad
In base 9, what is -5 - 642?
-647
In base 9, what is 75 - -23?
108
In base 11, what is -105 - 54?
-159
In base 15, what is 14 - -3?
17
In base 16, what is 6e8 - -2?
6ea
In base 5, what is -332 + -4?
-341
In base 12, what is 92 - -2?
94
In base 10, what is 889 - -3?
892
In base 15, what is -b + -1?
-c
In base 8, what is -12 - -1564?
1552
In base 6, what is 53 + 1311?
1404
In base 14, what is 9 - -73?
7c
In base 16, what is -5 - 12?
-17
In base 8, what is 172 - 4?
166
In base 15, what is -272 - -6?
-26b
In base 14, what is 3 + 1596?
1599
In base 6, what is -1154 + -12?
-1210
In base 11, what is a1 - -3?
a4
In base 11, what is 2 - -1397?
1399
In base 14, what is 1 - 1cc?
-1cb
In base 7, what is -404 - -2?
-402
In base 10, what is 1 + -714?
-713
In base 9, what is 304 - 0?
304
In base 13, what is -3 + -49?
-4c
In base 16, what is -4 + 6b?
67
In base 12, what is -8 + 1b?
13
In base 16, what is -b + -e?
-19
In base 14, what is -258 + 1?
-257
In base 8, what is 2 - -361?
363
In base 7, what is 0 - -4346?
4346
In base 5, what is 241 - -2?
243
In base 14, what is 2 + -20a?
-208
In base 5, what is 11 + -34?
-23
In base 3, what is -2122 - -1122?
-1000
In base 6, what is 11 + -4524?
-4513
In base 2, what is 100000010 - -111100?
100111110
In base 8, what is 5 - 42?
-35
In base 3, what is -112 - -20212?
20100
In base 6, what is 0 + -33?
-33
In base 6, what is -1 - -2434?
2433
In base 13, what is -241 + -4?
-245
In base 4, what is 0 - 1003?
-1003
In base 12, what is -31 + 47?
16
In base 2, what is 11 + 10100?
10111
In base 8, what is -5 - -54?
47
In base 5, what is 143040 + 3?
143043
In base 3, what is -22012 + -2?
-22021
In base 16, what is -eb - 4?
-ef
In base 15, what is 3 - 261?
-25d
In base 11, what is -464 + -1?
-465
In base 14, what is 36 + 9?
41
In base 16, what is 58 + 4?
5c
In base 9, what is 240 - -13?
253
In base 9, what is -323 - -5?
-317
In base 4, what is -3322 - -1?
-3321
In base 15, what is 0 + 39?
39
In base 15, what is 0 + d?
d
In base 16, what is -1 - 121?
-122
In base 13, what is 2 - -a5?
a7
In base 2, what is 101 - -111110?
1000011
In base 11, what is -8 - -64?
57
In base 5, what is -4 - 2303?
-2312
In base 15, what is -5 - -40?
3a
In base 10, what is 1 - 2573?
-2572
In base 15, what is 359 + 13?
36c
In base 7, what is 0 - -1442?
1442
In base 8, what is -4 - 56?
-62
In base 10, what is -47 + 295?
248
In base 12, what is 210 - -2?
212
In base 7, what is 30 + -304?
-244
In base 9, what is -155 - -2?
-153
In base 15, what is 3 - -67d?
681
In base 5, what is -444 - 21?
-1020
In base 13, what is -3 + 3c?
39
In base 7, what is -3 + -5?
-11
In base 16, what is 4 + -8c4?
-8c0
In base 13, what is 183 - 5?
17b
In base 5, what is -2 - 2241?
-2243
In base 16, what is -6 - 4e9?
-4ef
In base 3, what is 1100 + -221?
102
In base 5, what is 230 + -200?
30
In base 14, what is -3 + -52?
-55
In base 5, what is -201 - 114?
-320
In base 14, what is -18 + -149?
-163
In base 4, what is -10 + -10?
-20
In base 4, what is 123 - 230?
-101
In base 12, what is -2b1 + -3?
-2b4
In base 4, what is -10 + 10301?
10231
In base 3, what is -110 - -10?
-100
In base 2, what is 10011110 + 1010?
10101000
In base 13, what is -467 + -3?
-46a
In base 7, what is -16 + 304?
255
In base 13, what is 16 - -153?
169
In base 14, what is c7a + 3?
c7d
In base 3, what is 1 + -111122?
-111121
In base 2, what is -100 + 11100000111?
11100000011
In base 14, what is -460 - 4?
-464
In base 12, what is -4 + -81?
-85
In base 10, what is 187 + -6?
181
In base 4, what is 1121 + -11?
1110
In base 8, what is 2464 - 4?
2460
In base 10, what is 1713 - 1?
1712
In base 14, what is -5 + -14?
-19
In base 9, what is -4 + -80?
-84
In base 5, what is -14 + 32?
13
In base 11, what is 10 + -98?
-88
In base 14, what is 5 - 161?
-15a
In base 3, what is -11 - -2212110?
2212022
In base 9, what is -1 + -56?
-57
In base 15, what is -2d - 3?
-31
In base 14, what is 38d - 1?
38c
In base 9, what is 3 + -3?
0
In base 9, what is 34 + 753?
787
In base 8, what is -2 + -5120?
-5122
In base 14, what is -1a + 10?
-a
In base 5, what is 1441 + 233?
2224
In base 9, what is 10 - -26?
36
In base 11, what is -1 + 52?
51
In base 11, what is -17a89 + -5?
-17a93
In base 14, what is 1 - -3d?
40
In base 15, what is 66a + 5?
670
In base 2, what is 1011 - 1100?
-1
In base 7, what is -3 + -223?
-226
In base 7, what is 11 - 441?
-430
In base 4, what is -13 - -101001?
100322
In base 9, what is -21622 + 4?
-21617
In base 13, what is a + 2c9?
306
In base 11, what is -4 - -65?
61
In base 12, what is 5 + 7?
10
In base 7, what is 3 - 4265?
-4262
In base 5, what is 0 + -111?
-111
In base 8, what is 6 + -3?
3
In base 5, what is -12 + 24?
12
In base 2, what is 10 + 100010101000?
100010101010
In base 10, what is 716 + 0?
716
In base 5, what is 3 - -200?
203
In base 15, what is -c + -3?
-10
In base 11, what is -4a88 + 0?
-4a88
In base 4, what is -3 + -3020?
-3023
In base 2, what is 100 + 11001110110?
11001111010
In base 13, what is 1163 - 0?
1163
In base 7, what is -14054 + 3?
-14051
In base 11, what is -2 + 92?
90
In base 12, what is 23 + 21?
44
In base 13, what is 5 + -31?
-29
In base 16, what is 10 - -5?
15
In base 8, what is 5713 - -5?
5720
In base 11, what is 309 + 5?
313
In base 13, what is -2424 - -2?
-2422
In base 3, what is -1221 - 11?
-2002
In base 13, what is -2 + 775?
773
In base 2, what is -10000000100 - 11?
-10000000111
In base 10, what is 942 - -4?
946
In base 8, what is 3 + -572?
-567
In base 15, what is -1 + -19b?
-19c
In base 8, what is 74 + -5?
67
In base 2, what is 100 + -111000011?
-110111111
In base 12, what is -19 - -7?
-12
In base 11, what is 9881 + -3?
9879
In base 6, what is -2 - -2121?
2115
In base 13, what is -3 + -1080?
-1083
In base 13, what is -258 - 3?
-25b
In base 7, what is -2 + -2055?
-2060
In base 10, what is 1977 + -5?
1972
In base 7, what is 3 - 60?
-54
In base 9, what is 4127 + -5?
4122
In base 7, what is -3 + -5421?
-5424
In base 4, what is 2331 + 2?
2333
In base 2, what is 10001011111 - -1100?
10001101011
In base 11, what is -22 + -84?
-a6
In base 5, what is 3 - -40?
43
In base 2, what is 0 - -10001000?
10001000
In base 7, what is 522 + -2?
520
In base 14, what is -5 - -2639?
2634
In base 4, what is 23 + 3001?
3030
In base 6, what is 10 - 1523?
-1513
In base 3, what is 22 - 12002?
-11210
In base 8, what is -26 - 440?
-466
In base 2, what is -100100101 - 101?
-100101010
In base 9, what is 524 - -2?
526
In base 4, what is -1002 - 1202?
-2210
In base 14, what is -10 - c?
-1c
In base 6, what is -335 - 111?
-450
In base 14, what is -9c - -b?
-91
In base 16, what is -2 + 102?
100
In base 6, what is -1104 - 3?
-1111
In base 7, what is -2 - -204?
202
In base 11, what is 10a - -19?
128
In base 8, what is -2103 + -5?
-2110
In base 10, what is -23 + -2?
-25
In base 8, what is 12 + -236?
-224
In base 5, what is -10 + 2042?
2032
In base 5, what is 101443 - -1?
101444
In base 11, what is -7078 + -4?
-7081
In base 10, what is 4 - 686?
-682
In base 11, what is 40 + -19?
22
In base 5, what is 444 - 123?
321
In base 13, what is 5 - 4c?
-47
In base 12, what is 20a - 4?
206
In base 8, what is 103 + -1?
102
In base 10, what is 9 - -15?
24
In base 2, what is 1101 - 10010?
-101
In base 15, what is -1ebe + -4?
-1ec3
In base 6, what is -1043 + 4?
-1035
In base 5, what is 2113 + 10?
2123
In base 10, what is -5 + -174?
-179
In base 5, what is 11 + -111?
-100
In base 8, what is -4371 + 2?
-4367
In base 13, what is 51 - -4?
55
In base 3, what is -10111120 + 2?
-10111111
In base 3, what is 11 - -100122?
100210
In base 7, what is -41 + 25?
-13
In base 14, what is 2b6 - -3?
2b9
In base 12, wha